mon divisor of r and 177.
3
Suppose -138*x + 160*x - 5390 = 0. What is the highest common factor of x and 20?
5
Suppose -241 = -6*s - 73. Let q(m) be the second derivative of -m**4/6 - 22*m**3/3 - 24*m. Let h be q(-21). What is the greatest common factor of s and h?
14
Suppose 6*l - 12 = 2*l. Suppose -l*n + 2*n + 44 = 0. Suppose -140 = -3*p - 32*p. What is the greatest common factor of p and n?
4
Let y be ((-147)/49)/((-3)/55). Let g = 16 - 8. Suppose l = 3 + g. What is the highest common divisor of y and l?
11
Suppose 200*b + 48 = 212*b. Suppose -4*z + 68 = -3*z. Calculate the greatest common factor of b and z.
4
Let p be -3106*(-9)/18 + 11. Calculate the highest common factor of 68 and p.
68
Let u(i) = -131*i - 3908. Let s be u(-32). What is the greatest common divisor of s and 12?
4
Let q be (624/20)/(6/40). Let o = -70 - -96. What is the highest common factor of o and q?
26
Let n = -90636 + 90640. Let k(x) = -x**2 - 9*x + 4. Let i be k(-7). Calculate the greatest common divisor of i and n.
2
Suppose -132 = -2*f + 114. Let c = -87 + f. Suppose 0 = l + 2*l - 3*x - 27, -5*l + 45 = -2*x. What is the highest common divisor of c and l?
9
Let z = 2109 - 2073. Calculate the greatest common divisor of 4068 and z.
36
Suppose 0 = -12*g + 137 + 127. Suppose -21*v - 35 = -g*v. Calculate the highest common factor of 20 and v.
5
Let k(o) = o**3 - 50*o**2 + 444*o - 127. Let m be k(11). Calculate the highest common factor of 684 and m.
38
Let r = -331 - -85. Let v = 358 + r. What is the greatest common divisor of v and 28?
28
Suppose 71616 + 40521 = 51*k - 122208. What is the greatest common divisor of k and 5?
5
Let c(t) = 78*t**2 - t + 1. Let n be c(1). Let q be (0 + 119 + 1)/((-51)/(-442)). Suppose 223*z - q = 203*z. Calculate the greatest common divisor of z and n.
26
Suppose -7888 = -41*d - 75*d. Let q = 8 - 6. Suppose 0 = -3*g + 2*t + 41, -4*t - 7 = -g - q*t. What is the highest common factor of g and d?
17
Suppose -970 = -2*k - 0*k - 2*f, -5*f = -k + 509. Let m be k + (1 - (-4 + 0 + 2)). Calculate the greatest common divisor of 24 and m.
12
Let i be (-240)/(-11) - (108/66)/(-9). Let l be 6/(-8) - 2998/(-8). What is the greatest common divisor of i and l?
22
Let o be (0 - -1)*(-15 + -22). Let n = 43 + o. Suppose 9 = n*k - 183. What is the highest common divisor of k and 16?
16
Suppose 4*x - 144 = -5*k, -k - 8248*x + 8250*x = -12. What is the greatest common factor of 236 and k?
4
Let x = -5737 + 5786. Calculate the greatest common divisor of x and 6811.
49
Let u(k) = -k**3 - 5*k**2 + 25*k + 9. Let j be u(-8). Let g be (j*-70 + 2 + -4)*-1. Let x = 24 - 0. What is the highest common divisor of x and g?
24
Suppose 167*o = 1032005 + 836558. What is the greatest common divisor of o and 167?
167
Let i = -135 - -128. Let a be 7/(i/(-12))*4/6. What is the greatest common divisor of a and 296?
8
Let j(v) = -v**3 + 17*v**2 + 18*v + 5. Let z be j(18). Suppose -z*m = -0*r - r + 39, -2*r + 51 = -m. Calculate the highest common divisor of 136 and r.
8
Let r = 11289 - 11273. Calculate the highest common factor of r and 2864.
16
Let i be (-2 + (-12)/(-10))/((-2)/40). Suppose 0 = -4*j - j - 3*r + 153, 4*j + 4*r - 116 = 0. Let y = j - 31. Calculate the greatest common divisor of i and y.
2
Suppose 1683*k - 2430 = 1688*k. Let m = 529 + k. What is the highest common factor of 129 and m?
43
Suppose 377*j + 24 = 381*j, -4*m = -5*j + 6. What is the greatest common factor of 4593 and m?
3
Let j(r) = -2*r**2 + 3*r + 4. Let g(t) = -3*t**2 + 8*t + 8. Let q(o) = 4*g(o) - 7*j(o). Let p be q(-8). What is the greatest common divisor of p and 4?
4
Let d be (1 + 0)/((-39)/39). Let r be d + 282 - (-30 + 31). What is the highest common divisor of r and 80?
40
Suppose -2*v = 2*v - 122 + 6. Let g be ((-11)/22)/((-2)/580). Calculate the greatest common divisor of v and g.
29
Suppose 7*k = 19238 - 5413. Calculate the highest common factor of k and 225.
25
Let q(t) = t**2 + 11*t + 998. Let k be q(0). Let z = 1463 - k. What is the greatest common factor of z and 15?
15
Let t(q) = 118*q**2 - 97*q + 459. Let s be t(5). What is the greatest common factor of 516 and s?
172
Let q be 92/23*(-14)/(-4). Let x(c) = 23 + 3*c + 13*c - 13*c**2 + q*c**2. Let j be x(-17). What is the highest common divisor of j and 16?
8
Suppose -20 = -8*d + 6*d. Suppose -5 = -o - y, 3*y = 3*o - o - d. Let x be (14/(-35) - (-37)/o) + 0. Calculate the highest common factor of 7 and x.
7
Suppose -14*l + 25*l - 561 = 0. Suppose 0 = -u + 92 - l. What is the greatest common divisor of 328 and u?
41
Let h be -6 - (-58)/10 - 2/20*-182. Let p(r) = 9*r**3 - r**2 + r + 2. Let k be p(2). Calculate the highest common factor of k and h.
18
Let w(a) = -a**3 + 99*a**2 - 1898*a + 30. Let k be w(73). Calculate the highest common factor of 732 and k.
6
Suppose -4*j + 6 = -w, -w + 3*w + 3*j = 43. Let p = -128 - -84. Let t be 1544/22 - 2/p*-4. What is the highest common factor of w and t?
14
Suppose -3*o = -3*u - 12, 5*o + 2 + 2 = -u. Suppose -x = -o*x, -5*x + 50 = 2*t. Suppose -13*a + 40 = -9*a. What is the highest common divisor of a and t?
5
Let k(y) = y**2 - 9*y - 21. Let c be k(9). Let x = c + 59. What is the highest common divisor of x and 95?
19
Suppose 1947 = 5*w + 3*l, -2*w - 20*l = -17*l - 777. Calculate the highest common divisor of 520 and w.
130
Suppose 0 = -91*m + 100*m - 126. Calculate the highest common factor of m and 14.
14
Let z(y) = -4*y**2 - 220*y - 52. Let k be z(-54). What is the highest common factor of 82 and k?
82
Let b be 91080/450 - (-6)/10. Let o be (14/(-3))/((-3)/9). Calculate the greatest common divisor of b and o.
7
Suppose -2*r + 582 + 1224 = 0. Suppose 9*m + 138 = r. Let z = -73 + m. Calculate the highest common factor of z and 96.
12
Let a be 13636/21 + -1 + (-4)/(-6). Let y = 667 - a. Calculate the greatest common factor of y and 162.
18
Suppose -4*x + 4*n = 8, 3*n + 3 + 3 = 0. Let t = x - -10. Calculate the highest common factor of 750 and t.
6
Let z be -6*((-5135)/10)/13. Let i = -227 + z. What is the greatest common divisor of 490 and i?
10
Let v be 226/4 + (-3)/(-6). Suppose d = 3*y + y - 75, 4*y + 5*d = v. Let z(o) = -382*o - 17172. Let l be z(-45). What is the greatest common factor of l and y?
18
Suppose -2*a - z + 25 = 0, -5*z = -4*a - 0*a + 85. Let t be 2656/20 - 12/a. Suppose 6*d = 2*d + 132. What is the highest common divisor of d and t?
33
Let t = -77 + -81. Let x = -50 - t. Calculate the highest common divisor of x and 12.
12
Let r be 0 - ((-11805)/9 + (-705)/(-45) + -16). What is the greatest common divisor of 88 and r?
8
Suppose -i + 3*i + g = 43, 26 = i + 2*g. Let q be ((-220)/(-2))/(-7 - (-13 - -4)). What is the greatest common divisor of i and q?
5
Let o(k) = 6*k**3 - 12*k**2 + 12*k - 12. Let i be o(3). What is the highest common divisor of i and 5538?
78
Let b be (-820)/(-6)*(-9252)/(-2570). What is the greatest common divisor of 1189 and b?
41
Let q(x) = 105*x**2 + 8*x - 7. Let b be q(3). Suppose 18*k - b = 5*k. What is the greatest common factor of k and 2?
2
Suppose 0 = w + 12*s - 17*s + 2, -w - 2*s = -5. Let v(o) = -3*o + 24. Let u be v(w). Let z = -7 - -12. Calculate the highest common factor of u and z.
5
Let m be 214*(-4 - 9/(-2)). Let t = m - 57. Suppose 2*u = 4*l - 68, 2*l - 5*u + 0 = t. What is the highest common divisor of 135 and l?
15
Suppose -9*a = t - 11*a, 2*t - 36 = -5*a. Let n be 1*52/(-3)*(-204)/t. Calculate the greatest common factor of n and 34.
34
Suppose -q + h + 2*h + 14 = 0, 3*q + 4*h = 3. Suppose 2*z - 212 = -q*b, -6*b + 156 = -2*b + 5*z. Calculate the greatest common divisor of 176 and b.
44
Let o = 8935 - 7164. What is the greatest common factor of o and 1610?
161
Let s be ((-128)/2 - 0)*(-2)/(0 - -2). What is the greatest common divisor of s and 472?
8
Let r be 1 + -3 - (-5 - 0). Suppose v + 0*c = r*c + 20, -2*v - 3*c + 76 = 0. Suppose -n + v = 3*n. What is the highest common factor of 1 and n?
1
Suppose -205*v - 25 = -210*v. Suppose 5*i = -5*z + 2945, -v*z + 0*i = -2*i - 2966. Calculate the greatest common divisor of 74 and z.
74
Let g be 4671/36 + 1/(-16)*-4. Calculate the highest common factor of g and 10.
10
Suppose 4*i = -2*o + 1208 + 116, -4*i + 2*o + 1340 = 0. Calculate the greatest common divisor of i and 444.
111
Let b(p) = -8822*p - 8648. Let